7, 31, 59, 1201
What are the prime factors of 49449280?
2, 5, 41, 3769
List the prime factors of 1845929210.
2, 5, 184592921
What are the prime factors of 2246093757?
3, 293, 851761
What are the prime factors of 17776577?
7, 13, 17, 11491
List the prime factors of 19174586.
2, 9587293
List the prime factors of 2344746000.
2, 3, 5, 390791
List the prime factors of 3551648545.
5, 523, 1358183
List the prime factors of 169115374.
2, 199, 424913
What are the prime factors of 3546684747?
3, 394076083
What are the prime factors of 182629554?
2, 3, 967, 31477
List the prime factors of 627143760.
2, 3, 5, 23, 37871
List the prime factors of 182787510.
2, 3, 5, 6092917
List the prime factors of 9217031.
9217031
List the prime factors of 3424724180.
2, 5, 171236209
List the prime factors of 3310858474.
2, 7, 11, 21499081
What are the prime factors of 247579643?
247579643
List the prime factors of 762967932.
2, 3, 379, 167759
What are the prime factors of 2452717017?
3, 1559, 19423
What are the prime factors of 329296571?
329296571
What are the prime factors of 1622269596?
2, 3, 2467, 54799
List the prime factors of 534126570.
2, 3, 5, 17, 1047307
What are the prime factors of 234703521?
3, 13, 668671
List the prime factors of 6862276487.
11, 5039, 123803
What are the prime factors of 25693701?
3, 11, 778597
List the prime factors of 310408603.
2141, 144983
List the prime factors of 3601245508.
2, 7, 151, 851761
List the prime factors of 407814853.
17, 113, 212293
List the prime factors of 618943879.
618943879
What are the prime factors of 4213416181?
13, 31, 37, 282571
List the prime factors of 234026485.
5, 7, 11, 607861
List the prime factors of 609656746.
2, 79, 83, 46489
What are the prime factors of 162921708?
2, 3, 4525603
List the prime factors of 19654918.
2, 37, 265607
What are the prime factors of 1298688580?
2, 5, 7, 31, 43, 6959
List the prime factors of 245727720.
2, 3, 5, 7, 97511
List the prime factors of 91782541.
17, 347, 15559
What are the prime factors of 149671594?
2, 47, 1592251
List the prime factors of 2814299317.
257, 1061, 10321
List the prime factors of 673077.
3, 224359
List the prime factors of 244637709.
3, 31, 643, 4091
List the prime factors of 449473152.
2, 3, 43, 163, 167
What are the prime factors of 8101609237?
503, 16106579
List the prime factors of 353422920.
2, 3, 5, 2945191
What are the prime factors of 70812943?
19, 1889, 1973
What are the prime factors of 705036991?
705036991
List the prime factors of 81372093.
3, 11, 839, 2939
What are the prime factors of 851286546?
2, 3, 11, 269, 1453
List the prime factors of 102363528.
2, 3, 17, 89, 2819
What are the prime factors of 2005648339?
97, 107, 173, 1117
What are the prime factors of 2050997125?
5, 139, 118043
List the prime factors of 223932269.
11, 1861, 10939
What are the prime factors of 1783180592?
2, 17, 383, 17117
List the prime factors of 285444288.
2, 3, 495563
What are the prime factors of 4299500?
2, 5, 8599
List the prime factors of 318626525.
5, 7, 31, 58733
What are the prime factors of 1368612689?
29, 5749, 8209
What are the prime factors of 150071709?
3, 19, 127, 20731
List the prime factors of 168862353.
3, 11, 71, 97, 743
What are the prime factors of 7381426?
2, 13, 37, 7673
What are the prime factors of 761220525?
3, 5, 13, 61, 12799
List the prime factors of 49813047.
3, 5534783
What are the prime factors of 29486735?
5, 31, 281, 677
List the prime factors of 744990813.
3, 7, 17, 695603
What are the prime factors of 20106710?
2, 5, 13, 154667
List the prime factors of 4223578718.
2, 2111789359
List the prime factors of 197763034.
2, 7, 53, 311, 857
List the prime factors of 2309847839.
13, 10111, 17573
What are the prime factors of 168388464?
2, 3, 1867, 1879
What are the prime factors of 2034842649?
3, 7, 13842467
What are the prime factors of 608410340?
2, 5, 31, 61, 16087
List the prime factors of 76646241.
3, 7, 151, 1151
List the prime factors of 99986153.
99986153
List the prime factors of 282420695.
5, 31, 127, 14347
List the prime factors of 58578422.
2, 7, 41, 61, 239
What are the prime factors of 695025277?
61, 11393857
What are the prime factors of 399813985?
5, 79962797
What are the prime factors of 1677793990?
2, 5, 1877, 89387
What are the prime factors of 543739543?
17, 61, 251, 2089
What are the prime factors of 172239871?
172239871
List the prime factors of 2059711818.
2, 3, 343285303
What are the prime factors of 20461289?
107, 191227
What are the prime factors of 6279228?
2, 3, 53, 1097
List the prime factors of 232797760.
2, 5, 13, 107, 523
List the prime factors of 1753992365.
5, 79, 4440487
What are the prime factors of 36774272?
2, 19, 15121
What are the prime factors of 266717444?
2, 7, 1931, 4933
What are the prime factors of 1761479210?
2, 5, 31, 643, 8837
What are the prime factors of 439679640?
2, 3, 5, 1759, 2083
List the prime factors of 1348684574.
2, 31, 1753, 12409
List the prime factors of 334883578.
2, 17, 9849517
What are the prime factors of 3375234784?
2, 19, 5551373
What are the prime factors of 619221549?
3, 17, 12141599
What are the prime factors of 117217712?
2, 7326107
What are the prime factors of 44917502?
2, 7, 17, 188729
List the prime factors of 2822958520.
2, 5, 70573963
What are the prime factors of 2199885843?
3, 733295281
What are the prime factors of 236316834?
2, 3, 13, 1009901
What are the prime factors of 2639994905?
5, 61, 8655721
What are the prime factors of 2638678837?
2638678837
What are the prime factors of 236910018?
2, 3, 3797, 10399
List the prime factors of 129268012.
2, 199, 251, 647
List the prime factors of 2678267055.
3, 5, 983, 181639
What are the prime factors of 1311090784?
2, 41, 999307
List the prime factors of 782647079.
7529, 103951
List the prime factors of 2161769384.
2, 19, 14222167
What are the prime factors of 373519298?
2, 186759649
List the prime factors of 31053218.
2, 7, 251, 8837
What are the prime factors of 1326104057?
17, 73, 1068577
What are the prime factors of 270848435?
5, 11, 13, 378809
What are the prime factors of 620349298?
2, 310174649
List the prime factors of 696892571.
23, 229, 132313
List the prime factors of 717680353.
13, 293, 188417
List the prime factors of 1608406995.
3, 5, 13, 193, 42737
List the prime factors of 1546854983.
29, 53339827
List the prime factors of 16133497.
577, 27961
What are the prime factors of 1450981789?
1450981789
List the prime factors of 87449556.
2, 3, 41, 177743
What are the prime factors of 281081965?
5, 23, 2444191
List the prime factors of 1800497519.
2789, 645571
List the prime factors of 3521427256.
2, 440178407
What are the prime factors of 22451186?
2, 17, 660329
List the prime factors of 1271019440.
2, 5, 19, 719, 1163
List the prime factors of 300735813.
3, 7, 139, 269, 383
What are the prime factors of 33390318?
2, 3, 13, 41, 53, 197
List the prime factors of 20646588.
2, 3, 1720549
What are the prime factors of 23816998?
2, 281, 42379
List the prime factors of 3492266746.
2, 31, 983, 57301
What are the prime factors of 3471683721?
3, 11, 1483, 6449
What are the prime factors of 409688173?
409688173
What are the prime factors of 127121639?
307, 414077
What are the prime factors of 126182732?
2, 13, 2426591
What are the prime factors of 50352995?
5, 7, 11, 130787
What are the prime factors of 351163367?
47, 7471561
What are the prime factors of 3314417106?
2, 3, 7, 11, 13, 239, 2309
What are the prime factors of 3237756876?
2, 3, 2083, 43177
What are the prime factors of 1344475560?
2, 3, 5, 11203963
What are the prime factors of 53138644?
2, 13, 1021897
What are the prime factors of 457787630?
2, 5, 23, 1990381
What are the prime factors of 292653496?
2, 73, 337, 1487
What are the prime factors of 576854656?
2, 7, 1877
What are the prime factors of 297120161?
13, 71, 487, 661
List the prime factors of 23585914.
2, 11, 293, 3659
What are the prime factors of 212104613?
7, 239, 126781
List the prime factors of 2105017246.
2, 37, 28446179
List the prime factors of 73191767.
11, 6653797
What are the prime factors of 32559666?
2, 3, 5426611
What are the prime factors of 450149402?
2, 225074701
What are the prime factors of 193386094?
2, 11, 29, 41, 7393
List the prime factors of 1362830762.
2, 761, 895